{"id":578,"date":"2020-02-21T09:50:45","date_gmt":"2020-02-21T08:50:45","guid":{"rendered":"https:\/\/xn--mnnerchor-concordia-gwb.de\/?page_id=578"},"modified":"2026-01-26T15:02:39","modified_gmt":"2026-01-26T14:02:39","slug":"bis-02-2020","status":"publish","type":"page","link":"https:\/\/xn--mnnerchor-concordia-gwb.de\/?page_id=578","title":{"rendered":"Vorstand"},"content":{"rendered":"\r\n<p><strong>Neuer Vorstand ab 08.02.2024<\/strong><br \/>Auf der Wahlversammlung am 08. Februar 2024 wurde auf Beschluss der Mitgliederversammlung der Vorstand auf drei Mitglieder reduziert. <br \/>Gew\u00e4hlt und damit best\u00e4tigt wurden (von links):<br \/>Dirk Wascher &#8211; <strong>Vorsitzender<\/strong> <br \/>Ronny Herzog &#8211; Schriftf\u00fchrer<br \/>Dr. Klaus-J\u00fcrgen Gensch &#8211; <strong>Stellv. Vorsitzender<\/strong> und Kassenf\u00fchrer<\/p>\r\n\r\n\r\n\r\n<p>&nbsp;<\/p>\r\n\r\n\r\n\r\n<p>&nbsp;<\/p>\r\n","protected":false},"excerpt":{"rendered":"<p>Neuer Vorstand ab 08.02.2024Auf der Wahlversammlung am 08. Februar 2024 wurde auf Beschluss der Mitgliederversammlung der Vorstand auf drei Mitglieder reduziert. Gew\u00e4hlt und damit best\u00e4tigt wurden (von links):Dirk Wascher &#8211; Vorsitzender Ronny Herzog &#8211; Schriftf\u00fchrerDr. Klaus-J\u00fcrgen Gensch &#8211; Stellv. Vorsitzender und Kassenf\u00fchrer &nbsp; &nbsp;<\/p>\n","protected":false},"author":1,"featured_media":1656,"parent":0,"menu_order":0,"comment_status":"closed","ping_status":"closed","template":"","meta":{"footnotes":""},"class_list":["post-578","page","type-page","status-publish","has-post-thumbnail","hentry"],"aioseo_notices":[],"_links":{"self":[{"href":"https:\/\/xn--mnnerchor-concordia-gwb.de\/index.php?rest_route=\/wp\/v2\/pages\/578","targetHints":{"allow":["GET"]}}],"collection":[{"href":"https:\/\/xn--mnnerchor-concordia-gwb.de\/index.php?rest_route=\/wp\/v2\/pages"}],"about":[{"href":"https:\/\/xn--mnnerchor-concordia-gwb.de\/index.php?rest_route=\/wp\/v2\/types\/page"}],"author":[{"embeddable":true,"href":"https:\/\/xn--mnnerchor-concordia-gwb.de\/index.php?rest_route=\/wp\/v2\/users\/1"}],"replies":[{"embeddable":true,"href":"https:\/\/xn--mnnerchor-concordia-gwb.de\/index.php?rest_route=%2Fwp%2Fv2%2Fcomments&post=578"}],"version-history":[{"count":12,"href":"https:\/\/xn--mnnerchor-concordia-gwb.de\/index.php?rest_route=\/wp\/v2\/pages\/578\/revisions"}],"predecessor-version":[{"id":1676,"href":"https:\/\/xn--mnnerchor-concordia-gwb.de\/index.php?rest_route=\/wp\/v2\/pages\/578\/revisions\/1676"}],"wp:featuredmedia":[{"embeddable":true,"href":"https:\/\/xn--mnnerchor-concordia-gwb.de\/index.php?rest_route=\/wp\/v2\/media\/1656"}],"wp:attachment":[{"href":"https:\/\/xn--mnnerchor-concordia-gwb.de\/index.php?rest_route=%2Fwp%2Fv2%2Fmedia&parent=578"}],"curies":[{"name":"wp","href":"https:\/\/api.w.org\/{rel}","templated":true}]}}

<p><strong>Neuer Vorstand ab 08.02.2024</strong><br />Auf der Wahlversammlung am 08. Februar 2024 wurde auf Beschluss der Mitgliederversammlung der Vorstand auf drei Mitglieder reduziert. <br />Gewählt und damit bestätigt wurden (von links):<br />Dirk Wascher &#8211; <strong>Vorsitzender</strong> <br />Ronny Herzog &#8211; Schriftführer<br />Dr. Klaus-Jürgen Gensch &#8211; <strong>Stellv. Vorsitzender</strong> und Kassenführer</p>



<p>&nbsp;</p>



<p>&nbsp;</p>

<p>Neuer Vorstand ab 08.02.2024Auf der Wahlversammlung am 08. Februar 2024 wurde auf Beschluss der Mitgliederversammlung der Vorstand auf drei Mitglieder reduziert. Gewählt und damit bestätigt wurden (von links):Dirk Wascher &#8211; Vorsitzender Ronny Herzog &#8211; SchriftführerDr. Klaus-Jürgen Gensch &#8211; Stellv. Vorsitzender und Kassenführer &nbsp; &nbsp;</p>
